{"id":686,"date":"2015-09-26T12:18:54","date_gmt":"2015-09-26T12:18:54","guid":{"rendered":"http:\/\/cla.scrabblefisf.com\/?page_id=686"},"modified":"2016-03-24T12:04:44","modified_gmt":"2016-03-24T12:04:44","slug":"programme","status":"publish","type":"page","link":"https:\/\/classique.scrabblepaysdoc.fr\/?page_id=686","title":{"rendered":"Programme"},"content":{"rendered":"<p>Le Comit\u00e9 Midi-Pyr\u00e9n\u00e9es de Scrabble \u00e0 le plaisir de vous convier au Festival de Scrabble classique sp\u00e9cialement construit \u00e0 l&rsquo;occasion de la Finale des Championnats de France \u00e9ponymes&#8230; 6 jours de jeu, de gastronomie et de tourisme, avec pas moins de 4 tournois en plus de la finale !<\/p>\n<p>Il est donc possible de venir d\u00e9couvrir des ambiances multiples, \u00e0 Blagnac, Saint-Sulpice et Toulouse, autour de la convivialit\u00e9 des deux repas accompagnant les rencontres de mercredi et jeudi, avec en point d&rsquo;orgue les joutes des meilleurs joueurs fran\u00e7ais le week-end pour la grande finale nationale.<\/p>\n<p>La salle Duranti, lieu des tournois \u00e0 Toulouse, se trouve \u00e0 deux pas de la place du Capitole, en plein coeur du centre historique, du donjon du Capitole (<a href=\"http:\/\/www.toulouse-tourisme.com\/\" target=\"_blank\">Office du Tourisme<\/a>).<\/p>\n<p>Il est vivement conseill\u00e9 d&rsquo;arriver en m\u00e9tro pour vous rendre \u00e0 la salle (moins de 100 m\u00e8tres), m\u00eame s&rsquo;il est possible de vous garer au parking place du Capitole. Les parkings m\u00e9tro sont gratuits, mais pas celui du Capitole !<\/p>\n<p><strong>Mercredi 23 mars \u00e0 Blagnac \u00e0 18h15 :<\/strong><\/p>\n<p>La ville de Blagnac se situe en p\u00e9riph\u00e9rie de Toulouse \u00e0 une quinzaine de kilom\u00e8tres du centre ville. Il est possible d&rsquo;arriver \u00e0 100 m\u00e8tres de la salle par le tram venant de Toulouse. Renseignements pour vous inscrire : <a href=\"http:\/\/www.ffsc.fr\/tournois.php?id=13768\" target=\"_blank\">Blagnac<\/a><\/p>\n<p><strong>Jeudi 24 mars \u00e0 Saint-Sulpice \u00e0 17h00 :<\/strong><\/p>\n<p>La ville de Saint-Sulpice est desservie par l&rsquo;autoroute (direction ALBI). Il est aussi possible de s&rsquo;y rendre par le train, arr\u00eat \u00e0 deux cents m\u00e8tres de la salle. renseignements pour vous inscrire : <a href=\"http:\/\/www.ffsc.fr\/tournois.php?id=13908\" target=\"_blank\">Saint-Sulpice<\/a><\/p>\n<p><strong>Vendredi 25 mars \u00e0 Toulouse :<\/strong><\/p>\n<p>Tournoi classique en 5 rondes (formule promotion) : 20 min\/ronde, appel des joueurs \u00e0 14h30. Tournoi dot\u00e9.<\/p>\n<p><strong>Samedi 26 mars \u00a0&amp; dimanche 27 mars \u00e0 Toulouse :\u00a0<\/strong><\/p>\n<p>Championnat de France de scrabble classique en 14 rondes, 20 min\/ronde.<\/p>\n<table>\n<tbody>\n<tr>\n<td>Samedi 26 mars<\/td>\n<td>Dimanche 27 mars<\/td>\n<\/tr>\n<tr>\n<td>14h30 Appel des joueurs<\/td>\n<td>9h30 : ronde 9<\/td>\n<\/tr>\n<tr>\n<td>15h : ronde 1<\/td>\n<td>10h30 : ronde 10<\/td>\n<\/tr>\n<tr>\n<td>16h : ronde 2<\/td>\n<td>11h30 : ronde 11<\/td>\n<\/tr>\n<tr>\n<td>17h : ronde 3<\/td>\n<td><\/td>\n<\/tr>\n<tr>\n<td>18h : ronde 4<\/td>\n<td>14h00 : ronde 12<\/td>\n<\/tr>\n<tr>\n<td>19h : ronde 5<\/td>\n<td>14h50 : ronde 13<\/td>\n<\/tr>\n<tr>\n<td>20h45 : ronde 6<\/td>\n<td>15h40 : ronde 14<\/td>\n<\/tr>\n<tr>\n<td>21h45 : ronde 7<\/td>\n<td>16h30 : Finale<\/td>\n<\/tr>\n<tr>\n<td>22h45 : ronde 8<\/td>\n<td>18h : Remise des prix<\/td>\n<\/tr>\n<\/tbody>\n<\/table>\n<p><strong>Lundi\u00a028 mars \u00e0 Toulouse :<\/strong><\/p>\n<p>Tournoi classique en 5 rondes (formule promotion): 20 min\/ronde, appel des joueurs 9h45, d\u00e9but du tournoi 10h. Tournoi dot\u00e9.<\/p>\n<p>&nbsp;<\/p>\n<p>&nbsp;<\/p>\n","protected":false},"excerpt":{"rendered":"<p>Le Comit\u00e9 Midi-Pyr\u00e9n\u00e9es de Scrabble \u00e0 le plaisir de vous convier au Festival de Scrabble classique sp\u00e9cialement construit \u00e0 l&rsquo;occasion de la Finale des Championnats de France \u00e9ponymes&#8230; 6 jours de jeu, de gastronomie et de tourisme, avec pas moins &hellip; <a href=\"https:\/\/classique.scrabblepaysdoc.fr\/?page_id=686\">Continuer la lecture <span class=\"meta-nav\">&rarr;<\/span><\/a><\/p>\n","protected":false},"author":4,"featured_media":0,"parent":681,"menu_order":1,"comment_status":"open","ping_status":"open","template":"","meta":[],"_links":{"self":[{"href":"https:\/\/classique.scrabblepaysdoc.fr\/index.php?rest_route=\/wp\/v2\/pages\/686"}],"collection":[{"href":"https:\/\/classique.scrabblepaysdoc.fr\/index.php?rest_route=\/wp\/v2\/pages"}],"about":[{"href":"https:\/\/classique.scrabblepaysdoc.fr\/index.php?rest_route=\/wp\/v2\/types\/page"}],"author":[{"embeddable":true,"href":"https:\/\/classique.scrabblepaysdoc.fr\/index.php?rest_route=\/wp\/v2\/users\/4"}],"replies":[{"embeddable":true,"href":"https:\/\/classique.scrabblepaysdoc.fr\/index.php?rest_route=%2Fwp%2Fv2%2Fcomments&post=686"}],"version-history":[{"count":11,"href":"https:\/\/classique.scrabblepaysdoc.fr\/index.php?rest_route=\/wp\/v2\/pages\/686\/revisions"}],"predecessor-version":[{"id":956,"href":"https:\/\/classique.scrabblepaysdoc.fr\/index.php?rest_route=\/wp\/v2\/pages\/686\/revisions\/956"}],"up":[{"embeddable":true,"href":"https:\/\/classique.scrabblepaysdoc.fr\/index.php?rest_route=\/wp\/v2\/pages\/681"}],"wp:attachment":[{"href":"https:\/\/classique.scrabblepaysdoc.fr\/index.php?rest_route=%2Fwp%2Fv2%2Fmedia&parent=686"}],"curies":[{"name":"wp","href":"https:\/\/api.w.org\/{rel}","templated":true}]}}