{"id":458,"date":"2014-12-20T14:16:04","date_gmt":"2014-12-20T14:16:04","guid":{"rendered":"http:\/\/cla.scrabblefisf.com\/?page_id=458"},"modified":"2018-06-02T10:28:59","modified_gmt":"2018-06-02T10:28:59","slug":"a-propos","status":"publish","type":"page","link":"https:\/\/classique.scrabblepaysdoc.fr\/?page_id=458","title":{"rendered":"\u00c0 propos"},"content":{"rendered":"<p>Ce blog est aliment\u00e9 et maintenu par le Comit\u00e9 Scrabble en Pays d&rsquo;Oc.<\/p>\n<p>Les responsables du blog sont Pierre Nabat et Daniel Gaston qui en assurent la mise \u00e0 jour et l&rsquo;administration.<\/p>\n","protected":false},"excerpt":{"rendered":"<p>Ce blog est aliment\u00e9 et maintenu par le Comit\u00e9 Scrabble en Pays d&rsquo;Oc. Les responsables du blog sont Pierre Nabat et Daniel Gaston qui en assurent la mise \u00e0 jour et l&rsquo;administration.<\/p>\n","protected":false},"author":5,"featured_media":0,"parent":0,"menu_order":10,"comment_status":"closed","ping_status":"closed","template":"","meta":[],"_links":{"self":[{"href":"https:\/\/classique.scrabblepaysdoc.fr\/index.php?rest_route=\/wp\/v2\/pages\/458"}],"collection":[{"href":"https:\/\/classique.scrabblepaysdoc.fr\/index.php?rest_route=\/wp\/v2\/pages"}],"about":[{"href":"https:\/\/classique.scrabblepaysdoc.fr\/index.php?rest_route=\/wp\/v2\/types\/page"}],"author":[{"embeddable":true,"href":"https:\/\/classique.scrabblepaysdoc.fr\/index.php?rest_route=\/wp\/v2\/users\/5"}],"replies":[{"embeddable":true,"href":"https:\/\/classique.scrabblepaysdoc.fr\/index.php?rest_route=%2Fwp%2Fv2%2Fcomments&post=458"}],"version-history":[{"count":4,"href":"https:\/\/classique.scrabblepaysdoc.fr\/index.php?rest_route=\/wp\/v2\/pages\/458\/revisions"}],"predecessor-version":[{"id":1274,"href":"https:\/\/classique.scrabblepaysdoc.fr\/index.php?rest_route=\/wp\/v2\/pages\/458\/revisions\/1274"}],"wp:attachment":[{"href":"https:\/\/classique.scrabblepaysdoc.fr\/index.php?rest_route=%2Fwp%2Fv2%2Fmedia&parent=458"}],"curies":[{"name":"wp","href":"https:\/\/api.w.org\/{rel}","templated":true}]}}