{"id":161,"date":"2014-11-04T16:25:24","date_gmt":"2014-11-04T16:25:24","guid":{"rendered":"http:\/\/cla.scrabblefisf.com\/?page_id=161"},"modified":"2019-05-04T09:09:40","modified_gmt":"2019-05-04T09:09:40","slug":"calendrier","status":"publish","type":"page","link":"https:\/\/classique.scrabblepaysdoc.fr\/?page_id=161","title":{"rendered":"Calendrier"},"content":{"rendered":"<p>&nbsp;<\/p>\n<p><a href=\"http:\/\/www.cal.scrabblefisf.com\/?page_id=2\" target=\"_blank\" rel=\"noopener noreferrer\"><img decoding=\"async\" loading=\"lazy\" class=\"size-medium wp-image-189 aligncenter\" src=\"http:\/\/cla.scrabblefisf.com\/wp-content\/uploads\/2014\/11\/calendrier-300x145.jpg\" alt=\"calendrier\" width=\"300\" height=\"145\" srcset=\"https:\/\/classique.scrabblepaysdoc.fr\/wp-content\/uploads\/2014\/11\/calendrier-300x145.jpg 300w, https:\/\/classique.scrabblepaysdoc.fr\/wp-content\/uploads\/2014\/11\/calendrier.jpg 618w\" sizes=\"(max-width: 300px) 100vw, 300px\" \/><\/a><span style=\"color: #000000;\"><strong>Prochaines rencontres sur le comit\u00e9 :<\/strong><\/span><\/p>\n<ul>\n<li><span style=\"color: #000000;\"><strong>Giroussens :<\/strong> jeudi 09\/05\/2019 \u00e0 15h00<\/span><\/li>\n<li><span style=\"color: #000000;\"><strong>Open du Pays d&rsquo;Oc \u00e0 Giroussens : <\/strong>samedi 11\/05\/2019 \u00e0 10h00<\/span><\/li>\n<li><span style=\"color: #000000;\"><strong>Interclubs classique et tournoi parall\u00e8le \u00e0 Lombez<\/strong> : samedi 18\/05\/2019 \u00e0 13h30<\/span><\/li>\n<li><span style=\"color: #000000;\"><strong>Toulouse Amouroux (APSAR) :<\/strong> mardi 21\/05\/2019 \u00e0 14h00<\/span><\/li>\n<\/ul>\n","protected":false},"excerpt":{"rendered":"<p>&nbsp; Prochaines rencontres sur le comit\u00e9 : Giroussens : jeudi 09\/05\/2019 \u00e0 15h00 Open du Pays d&rsquo;Oc \u00e0 Giroussens : samedi 11\/05\/2019 \u00e0 10h00 Interclubs classique et tournoi parall\u00e8le \u00e0 Lombez : samedi 18\/05\/2019 \u00e0 13h30 Toulouse Amouroux (APSAR) : &hellip; <a href=\"https:\/\/classique.scrabblepaysdoc.fr\/?page_id=161\">Continuer la lecture <span class=\"meta-nav\">&rarr;<\/span><\/a><\/p>\n","protected":false},"author":3,"featured_media":0,"parent":0,"menu_order":3,"comment_status":"closed","ping_status":"closed","template":"","meta":[],"_links":{"self":[{"href":"https:\/\/classique.scrabblepaysdoc.fr\/index.php?rest_route=\/wp\/v2\/pages\/161"}],"collection":[{"href":"https:\/\/classique.scrabblepaysdoc.fr\/index.php?rest_route=\/wp\/v2\/pages"}],"about":[{"href":"https:\/\/classique.scrabblepaysdoc.fr\/index.php?rest_route=\/wp\/v2\/types\/page"}],"author":[{"embeddable":true,"href":"https:\/\/classique.scrabblepaysdoc.fr\/index.php?rest_route=\/wp\/v2\/users\/3"}],"replies":[{"embeddable":true,"href":"https:\/\/classique.scrabblepaysdoc.fr\/index.php?rest_route=%2Fwp%2Fv2%2Fcomments&post=161"}],"version-history":[{"count":69,"href":"https:\/\/classique.scrabblepaysdoc.fr\/index.php?rest_route=\/wp\/v2\/pages\/161\/revisions"}],"predecessor-version":[{"id":1340,"href":"https:\/\/classique.scrabblepaysdoc.fr\/index.php?rest_route=\/wp\/v2\/pages\/161\/revisions\/1340"}],"wp:attachment":[{"href":"https:\/\/classique.scrabblepaysdoc.fr\/index.php?rest_route=%2Fwp%2Fv2%2Fmedia&parent=161"}],"curies":[{"name":"wp","href":"https:\/\/api.w.org\/{rel}","templated":true}]}}